g be -25 + 3 - -2*1. Let k = g - -15. Let c(s) = s**3 + 4*s**2 - 6*s + 4. What is c(k)?
9
Let q(y) be the second derivative of 3*y**3 - 3*y**2/2 - 2*y - 12. Determine q(2).
33
Let d(y) = y**2 - 2. Let s be 12/(-21) + 1 - 102/42. Give d(s).
2
Let r(c) = c**3 + c**2 - c. Suppose 0 = g - y + 67, 2*g + 256 = -2*g + y. Let p be ((-2)/(-8))/(g/(-12) - 5). Determine r(p).
1
Let y = 2034 - 2042. Let t(v) = -v**2 - 3*v + 17. Calculate t(y).
-23
Let h be (3 - 2)*7*1. Let d = h + -4. Let a(f) = 33 - 10 - 3*f**2 + f + f**3 - 21. Give a(d).
5
Let h(o) = -7*o + 4 - 129*o**2 + 262*o**2 - 134*o**2. What is h(-7)?
4
Let r(b) = -41*b**3 - b. Suppose 0 = 63*g - 16 - 47. Determine r(g).
-42
Let z(a) = a**2 - 6*a + 4. Let g be (3 + -7 + 5)*1*7. Suppose g = 4*l - 17. Calculate z(l).
4
Let x(v) = 8*v**2 + 18*v - 4. Let b(m) = 7*m**2 + 21*m - 5. Let q(n) = 5*b(n) - 6*x(n). Determine q(-1).
-11
Suppose 0 = 6*n + n - 21. Let i(r) = 2*r - 5. Calculate i(n).
1
Suppose 4*p + 37 - 45 = 0. Suppose p*s + 8 = 14. Let b(t) = -2*t**2 + 3*t + 2. What is b(s)?
-7
Let m(c) = -c**2 - c + 3. Let b(j) = -j**2 + 15*j + 19. Let a be b(16). Suppose 14*g = a*g. Give m(g).
3
Suppose -10*u + 25 = 5. Suppose 4*w - 28 = 4*g, w - 17 = 2*g - u*w. Let l(d) = -3*d - 2. Determine l(g).
10
Let r(n) be the first derivative of 1/24*n**4 - 4/3*n**3 + 0*n - 1 + 0*n**2 - 1/120*n**5. Let q(i) be the third derivative of r(i). Give q(-5).
6
Let d = -89 + 94. Let v(q) = d - 23 - q + 9. Calculate v(-7).
-2
Let g = 29 - 27. Let b(t) = -18*t - 2*t**2 - 4 - t**2 + g*t**2 + 14*t. Calculate b(-4).
-4
Let m(v) = 3 + 342*v - 172*v - 169*v. Give m(-6).
-3
Let y(g) = -30*g - 264. Let z be y(-9). Let t(m) = 3*m - 5. What is t(z)?
13
Let o(k) = k**3 - 4*k**2 - 1. Suppose 30 = 2*t + 8*t. Give o(t).
-10
Let u(l) be the second derivative of 11/6*l**3 + 0 + 3/2*l**2 + 3*l. Let q(i) = 5*i + 1. Let g(x) = 5*q(x) - 2*u(x). What is g(3)?
8
Suppose 4*z - z = 5*h - 136, 3*h = -3*z + 96. Let w(l) = -l**3 - 66 + 3*l**2 + 37 + h + 2*l. What is w(2)?
8
Suppose 6*s - 2 = -8. Let h(x) = -11*x**2 - x. What is h(s)?
-10
Let k(l) = -l**3 - l**2 + 4. Let a(i) = 18*i + 19*i - 64*i + 24 + 19*i. Let o be a(3). Give k(o).
4
Let y(k) = -3*k + 12. Let r(w) = -4*w + 13. Let n(i) = 4*r(i) - 5*y(i). Let p(v) = -5*v + 36. Let g be p(11). Let l = -19 - g. Give n(l).
-8
Let b(n) = -n + 7. Let l(f) = f - 8. Let w(y) = -y + 7. Let v(o) = -3*l(o) - 4*w(o). Let k be v(2). Let t = 2 + k. Determine b(t).
7
Let x(r) = -r - 2. Let n = 1050 + -1043. Give x(n).
-9
Let t(g) be the first derivative of g**2/2 - 1. Let l(x) = -4*x - 8. Let b(z) = l(z) + 3*t(z). Suppose 0 = -3*a - 4*u + 1 + 15, 2*a - 4*u = -16. What is b(a)?
-8
Suppose 4 = 4*o + 2*q, 2*o - 5*o = 3*q. Let k(v) be the first derivative of -6 + 6*v - 1/2*v**o. Calculate k(-5).
11
Let h = -405 + 409. Let k(n) = n**3 - 4*n**2 + n + 4. Calculate k(h).
8
Let q(r) = -12*r**2 - 31*r - 2. Let a(f) = -7*f**2 - 16*f - 2. Let z(b) = 7*a(b) - 4*q(b). Determine z(13).
-19
Let y be 4/2*(3 + -5 + 5). Let f(p) be the first derivative of 1/4*p**4 + 1/3*p**3 - y - 2*p**2 + 3*p. What is f(2)?
7
Suppose 2*u = 4*h - 12, 6*h - 2*h - 10 = 3*u. Let s(m) = -10 - m + 26 - 15 + u*m - 9*m**2. Calculate s(-1).
-9
Let v(w) = -9 - 1 + w**2 - 4 - 16*w + 1. Give v(16).
-13
Let z be 9477/18 + 3/(-2). Let n(l) = -z + 3*l - 2*l**3 - 5*l**2 + 531 + l**3. What is n(-5)?
-9
Let w(d) = -d - 2. Let k(o) = o**3 - 4*o**2 + o - 4. Let u(p) = p**2 + 2*p - 20. Let x be u(-6). Let s be k(x). Give w(s).
-2
Let a(d) = 4*d**2 - 3*d + 3. Suppose 0 = 9*q - q + 96. Suppose t = -2*t - 36. Let i be q/30 - t/5. Calculate a(i).
13
Let x(v) be the first derivative of v**3/3 + v**2 - 6*v - 328. Calculate x(-4).
2
Let t(v) be the second derivative of -8*v**3 + v**2/2 - 2*v + 137. Determine t(1).
-47
Let n(w) = 7*w**3 + 2*w**2 - w + 7. Let g(v) = -2*v**3 + v**2 - 1. Let z(q) = -4*g(q) - n(q). Suppose 0 = 2*j + 2*j - 24. Determine z(j).
3
Let b be 9/(-6)*(-16)/12. Let w(p) = 0 + 0 + 7*p - b*p - p**2. Let v be 2 - (-2 + 4)*-1. Calculate w(v).
4
Let m(n) = 7 + n**2 - n + 3*n - 2*n. Suppose 2*g = 5*y - 104 + 84, -g = -5*y + 20. Give m(g).
7
Let x(s) = -35244*s**2 + 3 + 0*s - s**3 + 0*s**3 - 2*s + 35250*s**2. Give x(7).
-60
Suppose 0 = k + v + 3, -4*k - 6 = -0*v - 2*v. Let r(d) be the first derivative of -2*d**2 + 1. Let o(p) = -3*p. Let q(j) = -3*o(j) + 2*r(j). Determine q(k).
-2
Let r(j) be the second derivative of j**3/3 + j**2 - 270*j. Suppose x - 42 = -4*u, 4*x + 24 = -5*u + 82. Let p be (-4)/8 - u/4. Determine r(p).
-4
Let o be 3/(-9 + 5 + 7). Let d(b) = 16*b**3 - 1. Determine d(o).
15
Suppose -2*j = -3*j. Let w be j - 1 - (2 - 4). Let q(g) = 9*g - 7. Let v(l) = -17*l + 13. Let r(u) = -11*q(u) - 6*v(u). Determine r(w).
2
Let h(p) = 3 + 0*p + 3*p - 18 + 4*p**2 + 8. Let z(r) = 3*r**2 + 2*r - 6. Let f(v) = 4*h(v) - 5*z(v). Give f(-3).
5
Let s(w) be the second derivative of -w**3/3 - w**2 + 64*w. Give s(4).
-10
Let v(q) = q**3 - 2*q**2 - q - 2. Suppose -6*y + 12 = -2*y. Calculate v(y).
4
Let r(t) = -27 - 2*t + 33 + t. Give r(7).
-1
Let a(i) = i**3 + i**2 + i. Let m(o) = 19*o**3 - 3*o**2 - 2*o. Let j = 47 - 48. Let w(l) = j*m(l) - 2*a(l). Calculate w(1).
-20
Let p(d) = 11*d + 0*d**2 - 2*d**2 + 5*d - 6*d - 6. Calculate p(6).
-18
Let m(a) = a**2 + 2*a - 1. Let l be m(1). Let h(d) be the third derivative of 4*d**2 + 1/2*d**3 + 0*d + 0 - 1/6*d**4 + 1/60*d**5 + 1/120*d**6. What is h(l)?
7
Let q(w) = w + 8. Let b(j) = 16*j + 109. Let o be b(-7). What is q(o)?
5
Let z(g) be the third derivative of g**4/8 - g**3 + 49*g**2 - 3*g. Calculate z(3).
3
Let s be (1 + -2 - -1)/1. Suppose 0*h - 4*h + 20 = s. Let r(b) = -b**3 + 4*b**2 + 6*b. Give r(h).
5
Let f(t) = -t**2 + 1. Let l(v) = 4*v**2 - 7*v - 7. Suppose 0 = -3*i, -2*a - i + 4 = 2*a. Suppose 0*j = j - a. Let q(k) = j*l(k) + 5*f(k). Give q(-7).
-2
Let z(u) = -3*u**3 + 50*u**2 - 47*u + 8. Let y(m) = -2*m**3 + 33*m**2 - 31*m + 5. Let k(r) = 7*y(r) - 5*z(r). Determine k(18).
-5
Let a(b) = -23*b**3 - 9*b**2 - 5*b - 32. Let i(r) = 5*r**3 + 2*r**2 + r + 8. Let v(t) = -2*a(t) - 9*i(t). Let y be 0/((-1)/(-2)*-4). Calculate v(y).
-8
Let y(c) = -1256*c**2 + 2*c + 2*c + 1258*c**2 + 15*c**3 - 3*c. Calculate y(-1).
-14
Let h(x) = -x**3 + 3*x**2 + 2*x - 2. Let d = 26 - 37. Suppose 0 = 3*w - 0*f - 3*f + 36, -5*w - f - 72 = 0. Let l = d - w. Give h(l).
4
Let k(p) = 3*p + 2. Let c(f) = f**3 - 5*f**2 - 6*f + 2. Let b be c(6). Let g = 2 + b. Suppose 3*w + 10 = g*d, 2*w - 4 + 11 = 3*d. Calculate k(w).
-4
Suppose -n = 3*p - 1 + 8, -5*n + 3*p + 19 = 0. Let i be (5 - -1 - 14)/(n/(-1)). Let t(k) = -3*k + 0*k + 4*k - 6. What is t(i)?
-2
Let f(u) = -2 - 2*u**2 + u**3 - 3 + 5*u**2 - u + 4. Let s be (-2)/7 - (-483)/147. Suppose 15 = -s*d - 2*d. Determine f(d).
2
Let b be ((4 + -3)*5)/1. Suppose -44 = -4*u - 4*q - q, u = b*q - 14. Let w(c) = 3*c - 4*c**2 + u*c**2 - 2*c**3 + c**3. Give w(3).
0
Let x be ((-518)/6 + -5)/(2/(-3)). Let t(b) = -b + 277 - 138 - x. Give t(-4).
6
Let j = -16 + 8. Let g(l) = l**3 + 8*l**2 - l - 1. Let a be g(j). Let k(i) = 4*i + 1 + 2*i - 5*i. Calculate k(a).
8
Let g(o) = o**2 + 7*o - 1. Let x be g(-6). Let w(p) = 2*p - 1. Let d(k) = -k**2 - 15*k + 4. Let f(l) = d(l) + 3*w(l). What is f(x)?
15
Let i(o) be the third derivative of -o**5/60 + o**4/12 + 2*o**3/3 + 56*o**2. What is i(4)?
-4
Let b(x) = 5*x**3 + 34*x**2 + 2*x - 1. Let j(t) = 3*t**3 + 22*t**2 + t. Let d(i) = -5*b(i) + 8*j(i). Give d(5).
20
Let w(u) = -u**3 + 6*u**2 - 2*u - 4. Let b = 95 + -53. Suppose -4*c + 11*c - b = 0. Calculate w(c).
-16
Let r be 5/((-7 + 1)/6). Let f(j) = -j**3 - 5*j**2 + 3*j + 1. Give f(r).
-14
Suppose -5*c = -7*c. Suppose c = 2*s - s + 3. Let u(i) = -3*i**2 - 4*i. Calculate u(s).
-15
Suppose 0 = h + 4*i + 6, -5*h - 6*i + 21 = -3*i. Let b(o) be the first derivative of -o**4/4 + 7*o**3/3 - 7*o**2/2 + 3*o + 441. What is b(h)?
-3
Suppose -2*n = -n - 1. Suppose -2*o - 3*o = -15, -3*o = -4*a - n. Let g(q) = -6*q**a + 2 + 2*q**3 + 3*q**2 - 1. Determine g(2).
5
Let a(p) = 16 - 84*p**2 + 83*p**2 + 7*p + 12*p - 22*p - 2. Calculate a(-6).
-4
Let d(v) = -3*v - 3*v - 2 + 2*v. Suppose -2*k + 0*k = -2. Suppose n + 1 = -k. What is d(n)?
6
Let y(a) = 5*a**3 - 2*a**3 - 62*a**2 - 2*a**3 + 7 + 68*a**2 + 2*a. Calculate y(-6).
-5
Let x(h) = -2*h**2 + 3*h + 4. Let 